3 - 10*y**2 + 23*y - 23. Let u be f(-12). Let n(q) = q**2 + 6*q - 24. What is the units digit of n(u)?
1
Let o be (0 - 1)/(10/(-30)). Suppose -786 = -3*s + o*b, -b = -5*s + 3*b + 1309. What is the units digit of s?
1
Let i = -125 - -129. Suppose 0 = -i*c + 5*c - 453. What is the hundreds digit of c?
4
Let c(j) be the first derivative of 9*j**2/2 - 162*j - 154. What is the tens digit of c(29)?
9
Suppose -64*q + 54*q + 20870 = 0. Let r = 10 - -1. Suppose 0 = r*u - q + 657. What is the tens digit of u?
3
What is the thousands digit of (198/(-1089))/((-1)/15763)?
2
Suppose 0 = 4*y - 4*c - 29632, 0 = 4*c - 0*c + 4. Suppose 0 = -9*p + 12573 + y. What is the hundreds digit of 2/((-5)/4*(-24)/p)?
1
Suppose 5*m + 21 = 151. Let a be (-16)/(-3) + m/39. Let s(k) = 5*k**2 + 9*k - 72. What is the hundreds digit of s(a)?
1
Suppose 0 = -2*n - 2, -11*q + n = -12*q + 1991. Suppose 4*h - 10*r + 8*r = q, -3*h = -2*r - 1494. What is the tens digit of h?
9
Let s(a) = a**3 - 6*a**2 - a - 8. Let i be s(7). Let q = -100 + 164. Let x = q - i. What is the tens digit of x?
3
What is the tens digit of (-2*(0 + 1))/(8*1/(-26084))?
2
Suppose 2*x + 2 = 0, -6*x + x - 179 = -2*z. What is the tens digit of (z/(-4))/(6 + (-3180)/528)?
5
Suppose c + 23 = 5*s, -3*s - c + 6 = c. Let k(q) = -4*q + 91 - 94 - s*q. What is the tens digit of k(-10)?
7
Let u be 6/4*30/9. Suppose 3*j + 720 = -u*j. Let a = j - -172. What is the units digit of a?
2
Suppose 3*a + 2*o + 811 - 4907 = 0, -5468 = -4*a - o. Suppose a = 5*t - 4*g, -740 = 4*t + 3*g - 1822. Let p = t - 88. What is the hundreds digit of p?
1
Suppose -4*x - 4 = -16, -29 = 2*d - 3*x. What is the tens digit of 2*(-4 + (-3275)/d)?
4
Suppose -3*g = -21, -1248*d + 63893 = -1245*d - 4*g. What is the hundreds digit of d?
3
Suppose -5*c + 8 = 3*g, -4*g - g + c - 24 = 0. Let u(w) = w**3 - 2*w**2 + w + 8. Let i(r) = r**2 - r. Let h(b) = 5*i(b) + u(b). What is the units digit of h(g)?
8
Let f = -299 + 302. Suppose -b + 268 = -a - 2*a, -4*b + 1063 = -f*a. What is the hundreds digit of b?
2
Let p = -2508 - -22025. What is the ten thousands digit of p?
1
Let g = 889 + -581. Let f = g + 524. What is the hundreds digit of f?
8
Let r(u) be the second derivative of -7*u**3/3 - 16*u**2 + 54*u. What is the units digit of r(-7)?
6
Suppose 1419 = 6*t + 7137. Let r = -154 - t. What is the units digit of r?
9
Suppose 0 = -64*x + 65*x - 3. Suppose 4*v - 5*r + 413 = 0, 2*v + x*r = -2*r - 229. Let l = 46 - v. What is the hundreds digit of l?
1
Let k(i) = -i**2 + 10*i - 16. Let n be k(7). Let t be 0/(4 - n - 1) - 222. Let b = 406 + t. What is the tens digit of b?
8
Suppose 0 = -6*n + 134 + 1150. Let m = 147 - n. Let s = m - -107. What is the units digit of s?
0
Let s(q) = -16*q**3 - 29*q**2 - 27*q + 40. Let o(k) = 7*k**3 + 15*k**2 + 13*k - 19. Let f(v) = 9*o(v) + 4*s(v). What is the units digit of f(18)?
5
Let m = 6931 + 4061. What is the hundreds digit of m?
9
Let a be (-1)/1 - (4 - 6 - 1). Suppose -2190 = -28*o - a*o. What is the units digit of o?
3
Let z be ((-134)/14 + 1)/(126/(-3969)). Suppose 7*b - 8*b = -k - z, 0 = -5*k + 25. What is the tens digit of b?
7
What is the ten thousands digit of ((-69)/(-9))/(74/169608)?
1
Suppose 8*w - 18*w = -110. Suppose 4*v - 14*y + w*y = 2894, -y = 4*v - 2886. What is the hundreds digit of v?
7
Suppose 42*a = 15*a + 86778. What is the thousands digit of a?
3
Suppose 0 = -5*l - 2*u - 4382, -2197 = 4*l + 3*u + 1303. Let o = l - -1985. What is the tens digit of o?
0
Suppose p - 267 = -x, -4*x + 4*p = -580 - 512. Let d = 833 - x. What is the hundreds digit of d?
5
Suppose 149*m - 8769 = 17*m + 30567. Suppose -447 = 2*i + i. Let j = i + m. What is the tens digit of j?
4
Suppose 4*j - 5*z = 45829, -2*z + 0*z = 2*j - 22928. What is the tens digit of j?
6
Let t = 35 - -47. Let n be t*(-2)/(-8)*-2. Let s = n - -64. What is the units digit of s?
3
Let l be (16/10)/((-6)/(-15)). Suppose 17*c - l*c = 3198. What is the hundreds digit of c?
2
Let f = -28 - -31. Let g be (-10901)/33 + 1/f. What is the tens digit of g/(-9) - 6/(-18)?
3
Let y be 20/50 - 4/10. Let d be (7 - 7)/(1 - y). Suppose -2*x + g + 371 = d, -x + 0*x + 181 = -5*g. What is the units digit of x?
6
Let u(w) = -w**3 - 9*w**2 - w - 17. Let c(n) = -n**3 - 3*n**2 + 3*n. Let v = -14 + 12. Let h be c(v). What is the tens digit of u(h)?
9
Suppose -5*y + 4*w + 21261 = 0, 39*w - 4 = 40*w. What is the hundreds digit of y?
2
What is the units digit of (831523/(-14))/(110/(-120))?
4
Let x(s) = -27*s - 66. Suppose 0 = -20*u - 37 - 143. What is the tens digit of x(u)?
7
Suppose 62*i + 165*i - 3312372 = 133*i. What is the tens digit of i?
3
What is the thousands digit of (-17)/(-153) - (-53014)/3*(-2)/(-3)?
1
Let o(c) = -c**2 - 9*c - 14. Let r be o(-7). Suppose -2*z = -r*z - 3*u - 66, -3*u + 15 = z. Suppose z + 57 = t. What is the units digit of t?
4
Suppose -8*i - 2*i = -30. Suppose 4*p = -5*a + a + 336, 424 = 5*a + i*p. What is the units digit of a?
6
Let n = -25 + 44. Suppose 16*u = n*u - 900. Suppose 0*p = -5*p + u. What is the units digit of p?
0
Suppose q = 4*r + 19575, -6985 - 149894 = -8*q + r. What is the ten thousands digit of q?
1
Let u(m) = 6*m**2 - 72*m - 709. What is the tens digit of u(-15)?
2
Suppose -56*j + 28560 = -40*j. Suppose 5*z - j = -2*y + 2*z, 4*z = 5*y - 4520. What is the hundreds digit of y?
9
Let s(i) = -983*i + 506. What is the tens digit of s(-5)?
2
Suppose 4*m + 3*d = 43, 4*m + 5*d - 53 = -0*m. Suppose 37*n - 36*n = -5*z + 4, 2*z = 2*n + 4. What is the units digit of m + 22 + (-5)/z?
4
Let s(p) = 58*p + 4273. What is the units digit of s(17)?
9
Suppose 225 - 232 = d. What is the units digit of (-2)/d - (2 - 7428/21)?
2
Let d be (165/2)/(1/2). Suppose 3*x - 2*x + 3*u + 96 = 0, -4*x - 3*u - 357 = 0. Let l = d + x. What is the units digit of l?
8
Suppose -5*n - 17 = 3, -2*c + n = -42. Suppose c*q = 24*q - 4010. What is the tens digit of q?
0
Let x(d) = d**3 + 5*d**2 + d + 4. Let f be x(-5). Let o be (1 - (f + -1))*1. Suppose 2*m = -q + 159, -3*m + 40 = o*q - 206. What is the units digit of m?
7
Let k(w) = 15*w**2 - w + 4. Let j be (((-2)/(-5))/1)/(1/5). Let b be k(j). What is the tens digit of (b/3)/((-1)/(-6))?
2
Let f(p) = 5*p**3 + 96*p**2 - 41*p + 11. What is the hundreds digit of f(-12)?
6
Suppose -99*u + 91*u + 69975 = -121673. What is the tens digit of u?
5
Suppose 54*n = 58*n + 2*t - 160086, 4*n - 160092 = 4*t. What is the ten thousands digit of n?
4
Let d(t) = 24*t**2 + 10*t + 46. Let o be d(-8). Suppose -o = 49*m - 51*m. What is the units digit of m?
1
Suppose -q + 18489 = 2*j, 0 = -4*j - 3*q + 37114 - 129. What is the tens digit of j?
4
Suppose -250 = 15*h - 20*h. Suppose 4222 + 37278 = h*d. What is the tens digit of d?
3
Suppose -7*t = 7*t - 6916. Suppose -3*b + 4*f + 756 = f, -2*b + t = -4*f. What is the hundreds digit of b?
2
Suppose 12*b - 73 = 23. Let z be 8*3*(-2)/b. What is the units digit of 1 - 25/10*z?
6
Let f(g) = 3*g + 14. Let h be f(-3). Let k(b) = b**3 + h + 3*b**3 - 2*b**2 - 52*b + 56*b. What is the units digit of k(3)?
7
Let i(p) = 163*p**2 - 386*p. What is the hundreds digit of i(-8)?
5
Let a(f) = f**2 + 4*f + 61. Let q be a(0). Let o = 281 - q. What is the units digit of o?
0
Let u(a) = 245*a + 73. Let q be u(3). Let k = q - 365. What is the units digit of k?
3
Suppose 0 = y + i - 0*i - 1127, -5*i - 2289 = -2*y. Suppose 6*d - y = 836. What is the hundreds digit of d?
3
Let r(h) = -41*h - 2. Let o be r(2). Let b = o - -80. What is the units digit of 4/b*-91*(-3 - -4)?
1
Suppose 0 = 28*w - 23*w - o + 2, -3*w + 2*o - 4 = 0. Suppose -3*c = y - w*c - 303, 4*y + 3*c = 1257. What is the hundreds digit of y?
3
Let d be (-696)/(-6) + (-1)/(1/(-3)). What is the units digit of 3/(-7) + 121074/d + -5?
2
Suppose 183*d - 1696 - 13369 = -2621. What is the units digit of d?
8
Let w = -8162 + 14757. What is the thousands digit of w?
6
Let c(g) = -3*g**3 + 8*g**2 + 22*g + 91. What is the tens digit of c(-9)?
2
Let x(s) = -s**3 + 5*s - 6. Let y be x(2). Let f be ((-1)/1 - 0)/(y/8). Suppose 2*j = -j + f*u + 24, 3*j + 3*u - 39 = 0. What is the units digit of j?
0
Suppose d + 2*t = -2*t - 25, -5*d - t = 87. Let r(q) = -q**3 - 14*q**2 + 3*q - 11. What is the tens digit of r(d)?
0
Let b = 817 + 1215. Suppose -b = -13*z - 3*z. What is the hundreds di